 = -3*j + 28, j - 28 = -k. What is the tens digit of j?
3
Let r = 52 - 30. Let b = -21 + r. What is the units digit of b?
1
Suppose 33*u - 2*x - 5300 = 28*u, -x = 5*u - 5315. What is the thousands digit of u?
1
Let k = 962 + -316. What is the hundreds digit of k?
6
Suppose -5140 = 135*n - 140*n. What is the hundreds digit of n?
0
Let x(q) = 14*q**2 + 5*q + 15. What is the tens digit of x(-4)?
1
Let p be ((-8)/6 + 2)/((-6)/(-207)). Let u = 53 - p. What is the tens digit of u?
3
Suppose 40 = 2*k + 4*p, 0 = 5*k - p + 3*p - 68. Let n be (-6 - -4) + k/2. Suppose 3*b + n = 25. What is the units digit of b?
7
Let c = 14 - -7. What is the units digit of (-1913)/(-7) - (0 + 6/c)?
3
Let h be -2 + 11/(33/(-18)). What is the tens digit of 67 - 12/h*2?
7
Let q = 376 + -202. What is the units digit of q?
4
Let c(y) be the second derivative of y**5/20 - 3*y**4/4 - 5*y**3/2 - 15*y**2/2 - 6*y. What is the tens digit of c(11)?
6
What is the hundreds digit of 192/30 - 6 - (-37232)/20?
8
Let n = 51 - 47. Let w(x) = 3*x**3 - 5*x**2 + 4. What is the tens digit of w(n)?
1
Let g = 5 + -7. Let p be (-216)/(-81)*(1 - (-22)/(-4)). What is the units digit of (p/(-4) + g)*15?
5
Let k(p) = -7*p**3 + 4*p**2 + 3*p - 1. Let t be k(-3). Suppose -t = -4*r + 1. What is the units digit of r?
4
Let s be 104/(-10) - ((-8)/10)/2. Suppose 3*q - 5*c - 127 = -27, -5*q + c + 152 = 0. Let b = q + s. What is the units digit of b?
0
Let f = 12 + -12. Suppose f = -o + 9*o - 536. What is the tens digit of o?
6
Suppose 2*k - 5*k - 5*d + 512 = 0, -4*d = -4*k + 640. Suppose -4*u + 548 - k = 0. What is the tens digit of u?
9
Let s be -37 + (2 + 1 - 3). Let w = 71 + s. What is the tens digit of w?
3
Let u = 12 + -22. Let h be 4/u - 4/(-10). Suppose h = -0*p + 4*p + 8, -3*y = p - 52. What is the units digit of y?
8
Let b(h) be the first derivative of 5*h**2 - 15*h + 3. Suppose -4*r = -2*v - v + 22, -20 = -3*v + 2*r. What is the tens digit of b(v)?
4
Let n = 21 - 11. Suppose 5*q - 475 = -n. Suppose -47 = -4*b + q. What is the tens digit of b?
3
Let w be ((-60)/24)/(((-3)/6)/(-1)). Let b(o) = -20*o + 36. What is the units digit of b(w)?
6
Let l be 21*(-1)/4*-4. Suppose -4*h = 3*h + l. What is the units digit of 37/h*1*-3?
7
Let y(j) = -j**2 - 6*j + 7. Let k be y(5). Let x = 71 + 10. Let v = x + k. What is the tens digit of v?
3
Let d = -208 - -244. What is the tens digit of d?
3
Suppose -11*k = 37 - 3557. What is the tens digit of k?
2
Let g = 25 + -27. What is the units digit of 56*(-2 + 3 + 1/g)?
8
Let w = -148 - -124. Suppose 2*m + m + 4*t = 134, 137 = 4*m - 3*t. Let z = m + w. What is the units digit of z?
4
Suppose -5*v + 5*a + 5 = 0, 3*v - 27 = v - 3*a. Let o be ((-16)/10)/(v/(-90)). What is the units digit of ((-2)/4)/((-4)/o)?
3
Let n(s) = 22*s**3 - s**2 - 5*s + 24. What is the tens digit of n(4)?
9
Let v = 1728 + -1132. What is the tens digit of v?
9
Suppose -6*o + 75 - 9 = 0. Let b(x) be the first derivative of -x**4/4 + 11*x**3/3 + 2*x**2 + 16*x + 4. What is the tens digit of b(o)?
6
Let c = 4302 + -1592. What is the tens digit of c?
1
Let s = -9 + 11. Suppose s*a - 10*a = -632. What is the tens digit of a?
7
Suppose -2*p + 86 = -220. Let a = 32 + p. What is the hundreds digit of a?
1
Suppose 3*o - 24 = -2*x, 5*o - 8 = -x + 3*x. What is the units digit of x?
6
Let i(n) = 3*n + 16. Let m be i(-4). Suppose m*h - 206 = 530. What is the hundreds digit of h?
1
What is the units digit of (21 + 1)/((-46)/(-851))?
7
Let t be 3 + (0 - (-2 + -10)). Let s(v) = 8*v + 17. Let k be s(t). Suppose -4*m - d + k = -m, -5*d - 51 = -m. What is the units digit of m?
6
Let b(c) = -27*c - 40*c + 1 + 3. Let t be b(4). What is the tens digit of t/(-4) - 2 - -3?
6
Let l(o) = -o**3 - 4*o**2 + 2. Let w be (-4)/5*(4 - -1). Let z be l(w). Let g = z + 15. What is the units digit of g?
7
Suppose -7*j = -24773 - 8337. What is the thousands digit of j?
4
Let z(f) = f**3 - 7*f**2 - 7*f - 4. Let p be 4/10 - 221/(-85). Suppose g - p*j = 11, 0 = 2*g - 0*g + 5*j - 11. What is the units digit of z(g)?
4
Suppose -7*z + 26*z - 60173 = 0. What is the units digit of z?
7
What is the units digit of (-134760)/(-156) - (-10)/65?
4
Let n(r) = -r**2 + 18*r - 38. Let u be n(22). Let b = 222 + u. What is the tens digit of b?
9
Suppose r + 21801 = 14*r. What is the thousands digit of r?
1
Let g = 4 - 5. Let p be (28/6)/(g/(-18)). Suppose 5*h - 4*h = 3*r + 57, 0 = 2*h + 4*r - p. What is the tens digit of h?
4
Let f(b) = b + 37. Suppose 42 = 3*j - 0*j. Let z = -14 + j. What is the tens digit of f(z)?
3
Suppose 0 = -4*v + 2*c + 484, -3*v = 2*c + 3*c - 337. Let d = v - 73. What is the units digit of d?
6
Let n(y) be the first derivative of 3/2*y**2 + 4*y - 5. What is the tens digit of n(16)?
5
Suppose 4*g - 468 = -2*u, -2*g - 698 = -3*u - 6*g. What is the units digit of u?
0
Let y(g) = g + 5. Let p be y(0). Let j = p + 37. Let a = j - 21. What is the units digit of a?
1
Let d(j) = -j**3 - 4*j**2 + 4*j - 1. Let g be d(-5). Suppose -2*b = 2*a + 59 - 19, -3*a = g*b + 56. What is the units digit of ((-6)/8)/(2/a)?
9
Let o(n) = 3*n**3 - 11*n**2 - 12*n + 216. What is the units digit of o(11)?
6
Let z(m) = m**3 - 9*m**2 - m + 13. Let i be z(9). Let n = 6 + i. What is the tens digit of n?
1
Let w(n) be the second derivative of n**6/360 + n**5/10 - n**4/3 - n**3 - 4*n. Let x(k) be the second derivative of w(k). What is the units digit of x(-13)?
5
Let p(l) = 5*l**2 + 6*l + 12. Let h(q) = 3*q**2 + 4*q + 8. Let u be 3*(1 + (-4)/(-6)). Let m(d) = u*p(d) - 8*h(d). What is the units digit of m(-3)?
1
Let a = -95 + 103. Suppose -3*y - 2*y - 4*k = -96, 28 = y + 3*k. What is the units digit of a/y*6*1?
3
Let x = 205 + -106. Suppose -5*l = n + 2*n - x, -2*n + 4*l + 44 = 0. What is the units digit of n?
8
Let p(r) be the second derivative of r**3/6 + 11*r. Let n be p(2). Suppose h = -n*u - 3, -2*h + 0*u - 2*u = 0. What is the units digit of h?
3
Suppose 3*m = 122 + 82. Let k = -15 + m. Let s = 89 - k. What is the units digit of s?
6
Let a(l) = l**2 + 11*l + 35. Let g be a(-7). Suppose -9*j = g*j - 4848. What is the units digit of j?
3
Let v(u) = u + 6. Let n(b) = -2*b - 19. Let d(h) = 4*n(h) + 11*v(h). Let f be d(4). Suppose -2*l - f*l = -112. What is the units digit of l?
8
Let d(n) = n**2 + 7*n + 3. Let t be d(-7). Suppose 6*f + 3*j = f + 33, t*f - 13 = 5*j. What is the units digit of 3/(-2)*(-44)/f?
1
What is the tens digit of (1386/(-35))/((-4)/10)?
9
Suppose 0 = a - 11 - 0. Suppose -2*i + 5*x - 3 = -16, -4*i + x + 71 = 0. Let q = i - a. What is the units digit of q?
8
Suppose 3*y = -4*v + 43, -y - 62 = -5*v - 2*y. Let w(b) = b**3 - 12*b**2 - 8*b - 19. Let k be w(v). Let q = 79 - k. What is the tens digit of q?
3
Let s(h) = 42*h**2 - h. Let w be -12*1 - 4/(-1). Let z be (-6 - (4 + w)) + 1. What is the tens digit of s(z)?
4
Let v(o) = 2*o**2 - 2*o + 2. Suppose -1 = -5*p - 5*i - 6, 0 = 5*p - 4*i - 31. Let c be v(p). What is the units digit of c/3 + (-4)/6?
4
Let k(l) = 135*l + 136. What is the units digit of k(7)?
1
Let f be (-1)/(-4) + (-11)/8*6. Let b(g) = g**2 - g. Let t(n) = -3*n**2 + 5*n - 17. Let d(y) = 4*b(y) + t(y). What is the units digit of d(f)?
9
Let i = -2253 + 3369. What is the units digit of i?
6
Let w(h) = -h**3 + 6*h**2 - 2*h - 4. Let c be w(5). Let j = -12 + c. Let v = 4 + j. What is the units digit of v?
3
Let s = 4 - -4. Let j = 70 - 80. What is the tens digit of (12/j)/(s/(-340))?
5
Let p = -653 - -2113. What is the units digit of p?
0
What is the tens digit of (105/(-70))/(1/(-382))?
7
Let l be (-14)/5*15/(-6). Suppose 0 = -8*x + l*x + 30. What is the units digit of (-2)/3*x/(-4)?
5
What is the thousands digit of (80/20)/(8/2330)?
1
Let q(c) = -2*c**3 + c**2 + c + 1. Let t be q(-4). Suppose -95 = -2*x + t. What is the hundreds digit of x?
1
Let o(i) = -14*i**2. Let d be o(-1). Let l(r) = 41*r**3 + 4*r**2 - 3*r. Let t be l(1). Let x = t - d. What is the units digit of x?
6
Let k = -3 - -8. Let s(a) = a - 5*a**2 + k*a**2 + 1 - a**2 + 2*a**2. What is the units digit of s(-2)?
3
What is the hundreds digit of 1 + 1 - (-57 - 5043)?
1
Let w(c) = -10*c - 18. Let f be w(-9). What is the units digit of (-1058)/(-6) + 48/f?
7
What is the units digit of (-549696)/(-364) - (-4)/(-26)?
0
Suppose 0*d - 4*i + 19 = -3*d, -2*d - 2*i = -6. What is the 